 the units digit of f?
0
Suppose 5*g = 6*g + 2*a - 72, 4*a = -20. What is the units digit of g?
2
Suppose -5*s = -25, 3*u - s + 5 = -2*u. Suppose 4*i - 220 = -4*t, 0 = -u*t + 3*t + i - 175. Suppose -2*m + t = 3*m. What is the units digit of m?
2
Suppose -3*f + 4 = -5. Let t be (9 - f)/((-3)/(-2)). Suppose -5*x + 3 = -b - 1, t*x - 67 = -5*b. What is the tens digit of b?
1
Let t(p) = 10 + p + 0 + 0*p. Let x = -7 + 1. What is the units digit of t(x)?
4
Let z = 13 + 15. What is the tens digit of z?
2
Suppose -4*d + m = -11, 3*m + 2 = 2*d - 1. Suppose 0*x = -d*x + 9. What is the units digit of x?
3
Suppose -14 = 5*x - 49. Let b = 12 - x. Suppose b*t = w + 2*w - 33, -5*w + 39 = -3*t. What is the units digit of w?
6
Let k be -2*(-3)/((-12)/(-10)). Suppose 0*f + 10 = k*f. Suppose -i - f*i = -l - 14, 2 = -l. What is the units digit of i?
4
Suppose 2*n - 5*q + 35 = 0, 3*q - 3 = -3*n - 66. Suppose -51 = 4*p + 3*v, 5*p - 3*v + 31 = 1. Let r = p - n. What is the tens digit of r?
1
Let r(m) = -m**3 + 12*m**2 + 17*m + 3. Let k be r(13). Suppose -3*j = -8*j + k. What is the units digit of j?
1
Let m = -58 + 124. What is the units digit of m?
6
Let c be 97/9 + 2/9. Let r = c + -6. Let o(t) = t**2 - 5*t + 7. What is the units digit of o(r)?
7
Let i = 61 + -25. Let u = i + -24. What is the units digit of u?
2
Suppose 0 = 3*f + f - 4. Suppose -o + 2*h = 3*o + 10, o + 3*h - 8 = 0. What is the units digit of (o/(-1))/f + 5?
6
Let w = 22 - 7. Let h(j) = -j**3 - 5*j**2 + 7*j - 1. Let t be h(-6). Let z = w + t. What is the units digit of z?
8
Let o = -4 + 14. What is the units digit of (-1)/o*-6*5?
3
Suppose -4*t - o + 20 = 0, 0*t - 4*t + o = -12. Suppose 44 = t*q + m - 3*m, 0 = 3*q + 3*m - 42. What is the units digit of q?
2
Suppose -6*u + 3*y + 10 = -2*u, -5*y + 26 = 4*u. Let o = 14 - 10. What is the units digit of 1/u + 11/o?
3
Suppose 4*t + 17 = 3*o, -5*t - 19 = -o - 6. Let p be 74/8 - 3/12. Let i = p + t. What is the units digit of i?
7
Suppose -310 = 14*z - 15*z. What is the tens digit of z?
1
Let z(b) = -b**2 + 14*b + 8. What is the tens digit of z(9)?
5
Let o = -16 + 38. What is the units digit of o/5 - (-4)/(-10)?
4
Let i(p) = p**3 + 9*p**2 + 6*p. Let d be i(-7). Suppose -14 - 10 = -5*t + 4*h, 4*h = -5*t + d. What is the units digit of t?
8
Let k = 4 + 0. Let g = 10 + -4. Let i = g - k. What is the units digit of i?
2
Let y be (-4)/6 - (-3)/(-9). Let c be 1 + (y - 0) - 3. What is the units digit of 3*(-5 + 2)/c?
3
Suppose 4*b = -2*k + 162, -2*b + 2*k = -95 + 5. What is the tens digit of b?
4
Suppose 2*t - 5 = -i, -4*t + 8 = -0*t. What is the tens digit of (5/15)/(i/123)?
4
Suppose 0*l - 38 = -l + 4*w, 0 = -3*l - 3*w + 129. What is the units digit of l?
2
Let o be 14/1*49/14. Suppose 5*c + 5*l - 115 = 0, 0*c - o = -2*c - 5*l. What is the units digit of c?
2
Let x = 152 + -108. What is the tens digit of x?
4
Let o be (-156)/18 - (-2)/3. Let n be 6/o - (-1)/(-4). What is the units digit of n/((-2)/14) - 0?
7
Let v be (30/25)/((-1)/(-5)). Suppose -v = d - 4*d. What is the units digit of ((-14)/d)/(1*-1)?
7
Suppose -3*g = g - 188. What is the tens digit of g?
4
Let h be -2 - (0/(-3) - 7). Suppose 4*y = h*s + 32, -11 = 2*s - 5*y - 5. Let l = 18 + s. What is the units digit of l?
0
Let v = -11 - -11. Suppose v*k + 5*k - 151 = -4*x, 2*x = -5*k + 83. What is the units digit of x?
4
Let w = -4 - -30. What is the units digit of w?
6
What is the units digit of 4/18 - 241/(-9)?
7
Let d(u) be the third derivative of -u**4/8 - u**3/6 + u**2. Let n be d(-1). Suppose n*a - 3*a + 11 = 0. What is the units digit of a?
1
Let x(s) = 8*s**2 - 29*s + 2. Let l(n) = -3*n**2 + 10*n - 1. Let b(f) = -11*l(f) - 4*x(f). Let i be (12/(-10))/((-3)/(-15)). What is the units digit of b(i)?
3
Let f = 23 - 34. Let x = f - -20. What is the units digit of x?
9
Let d be 10/((2 - 0) + 0). Suppose 4*x = 3*g - 28, 0 = x - 5*g + 22 + 2. Let y = x + d. What is the units digit of y?
1
Let o(f) = -f**2 - 3*f + 2. Let p be o(-3). Suppose 0 = -0*h + 2*h. Let x = h + p. What is the units digit of x?
2
Suppose -h + 199 = 3*d, -3*h = d - 3*d - 575. What is the hundreds digit of h?
1
Let y(q) = 2*q**2 - 2*q - 1. Let t be y(2). Suppose -t = -3*u + 54. Suppose -d - 2*c + u = 6, -c + 4 = 0. What is the units digit of d?
5
Suppose -a - 4 = 2. Let n(o) = -o - 5. What is the units digit of n(a)?
1
Let m = -8 + 12. Suppose -2*n = -m*n. Suppose n = 4*w - 43 + 7. What is the units digit of w?
9
Suppose 8*g - 3*g - 3*q = 154, 3*g - 99 = 4*q. Let y = -14 + 31. Let l = g - y. What is the tens digit of l?
1
Let i = -99 - -67. Let k = i + 82. Suppose -o + k = 4*f + 19, -4*f - 2*o + 26 = 0. What is the units digit of f?
9
Let u(n) = n**2 + n. Let r(d) = -d**3 - 3*d**2 + 8*d + 7. Let h(a) = r(a) - 2*u(a). What is the units digit of h(-6)?
7
Let j(s) = -s**3 - 4*s**2 - 2*s. Let t be j(-4). Suppose -t*d = -3*d - 10. Suppose -3*a + 8 - d = 0. What is the units digit of a?
2
Let j(m) = -m**2 + 4*m + 7. Let v be j(6). Let w = v + 9. What is the units digit of w?
4
What is the units digit of (-3 + 0)/(-2 - 7/(-5))?
5
Let h = 89 + -43. Suppose -n = -3*n + h. What is the tens digit of n?
2
Let y = 19 - 13. Suppose 0 = b - y*b + 155. What is the tens digit of b?
3
Let b = 1 - 1. What is the units digit of 14 + (b - -3) - -1?
8
Let x = 45 - 29. Let y = -10 + x. What is the units digit of y?
6
Suppose h - 6 = -2*g, 0 = 3*g + h + 5 - 16. Suppose -2*b + g*b = 81. What is the units digit of b?
7
Suppose r = -3*r + 48. Let s(o) = -o**2 + 12*o. Let w be s(r). What is the units digit of 0 + -2 + 4 - w?
2
Let y(w) = 2 - 10*w + 1 - 6*w**2 + 5*w**2 - 5. What is the tens digit of y(-8)?
1
Let k = 281 + -191. What is the tens digit of k?
9
What is the units digit of 1*1/2*8?
4
Suppose 4 = 2*y - 4. Suppose -2*h - y*p = -32, 4*h - p + 18 = 55. What is the tens digit of h?
1
Let j = 417 + -255. What is the hundreds digit of j?
1
What is the units digit of (0 + 5)*(-19)/(-5)?
9
Let s = -32 - -218. What is the hundreds digit of s?
1
Let h be ((-2)/(-2))/((-1)/(-2)). Suppose 61 = 4*j - 23. Suppose 0 = -h*o + j - 5. What is the units digit of o?
8
Let d(x) = x + 8. Let a be d(-9). Let b be a*16 - (-3 + 2). What is the units digit of b/(-2) - (-4)/(-8)?
7
Suppose 3*u + 4*y = 17, -4*u = -y + 4 + 5. What is the tens digit of (-24)/(-4)*(u + 8)?
4
Let g(y) = -y**3 + 7*y**2 + 8*y + 6. Let i be g(8). Let x = i - 4. What is the units digit of x?
2
Let q be 0/(1/2*4). Suppose g + 3*g = q. Let s = 14 + g. What is the tens digit of s?
1
Suppose 45 = 3*l + 2*l. What is the units digit of l?
9
Suppose -h + 42 = -4*t, 4*h + 0*h = t + 213. What is the tens digit of h?
5
Let l(a) = -a - 5. Let w(k) = k**3 - k**2 + 2. Let t be w(0). Let v be ((-2)/(-1))/t*-6. What is the units digit of l(v)?
1
Suppose -l - 65 = -398. What is the tens digit of l?
3
Let l be (16/10)/(1/5). Suppose 4*r + 0 = l. What is the tens digit of (11 - (r + -3)) + -2?
1
Let k(r) = r**3 - 5*r**2 - 2*r - 7. Suppose -m + 3 = -3. What is the units digit of k(m)?
7
Let c = -108 - -133. What is the units digit of c?
5
Let l be (-294)/(-15) - 4/(-10). Let c be (-692)/l - (-2)/(-5). What is the units digit of c/(-14) - (-3)/(-2)?
1
Suppose 3*g = -2*b + 899, 0 = -3*g - b - 2*b + 903. What is the hundreds digit of g?
2
Let u(q) = q**3 + 4*q**2 - 3*q - 3. Let a be u(-4). Suppose 0*v + v - a = 0. Suppose 0 = 3*p + v - 36. What is the units digit of p?
9
Let i = 22 - 19. Suppose 0 = -i*k - 2*k - 2*v + 26, 5*k - 4*v = 38. What is the units digit of k?
6
Suppose -2*h + 240 = h. Suppose h = -7*m + 3*m. What is the units digit of (-2)/(-4)*m/(-2)?
5
Suppose -251 = -4*s + 5*y, s = -4*y - 0*y + 47. What is the units digit of s?
9
Suppose 0 = -2*h - 1 - 19. What is the units digit of 0/(-3) - h - 0?
0
Let w be (-3)/(60/8)*-5. Suppose 14 = w*h - 52. What is the units digit of h?
3
Let i(q) = -q**2 + 8*q + 6. Let y be ((-6)/(-3) - -6)*1. What is the units digit of i(y)?
6
Let f(g) = -5*g + 3. Let y be f(13). Let s = y + 95. What is the units digit of s?
3
Let o = 36 + -22. Suppose 4*i + 11 - 1 = -3*q, q = -4*i - o. What is the units digit of q?
2
Suppose 0 = -b - b. Suppose -m + 0*m - 9 = b. What is the units digit of (-1)/3 - 48/m?
5
Let z(a) = -a + 1. Let y(p) = p - 4. Let r(n) = y(n) + 6*z(n). What is the tens di